3*t. What are the prime factors of t?
2, 7
List the prime factors of ((-2)/(-6))/((-3)/(-558)).
2, 31
Suppose 150 = 4*n - 5*k, -2*n - n - 3*k + 126 = 0. List the prime factors of n.
2, 5
Suppose -y = f - 91, 4*f - y - 361 = -4*y. What are the prime factors of f?
2, 11
Suppose 4*t - 16 = c, -c + 0*c - 21 = -5*t. List the prime factors of c.
2
Suppose -23 + 8 = -5*s. Suppose s*y - 5*y = -10. Suppose 3*p + p + 20 = 0, 0 = -y*k + 3*p + 55. List the prime factors of k.
2
Let y be (63/(-15))/((-2)/20). Let f be (-4)/14 - (-1104)/y. Let r = -13 + f. List the prime factors of r.
13
Let k be 4*(51 - (1 + -2)). Suppose -k = -6*p + p + 2*f, -4*f = -2*p + 80. List the prime factors of p.
2, 3, 7
Suppose -4*r - 10 = -6*r. Suppose -r*o + 86 = -f, 5*f + 28 = 5*o - 62. List the prime factors of o.
17
Let f(o) = -11*o - 12 + 0 - 3 + 3 - o**2. What are the prime factors of f(-8)?
2, 3
Let l be (15/(-12))/((-1)/4). Suppose 0 = n - l*j - 1, 4*j + 3 - 1 = n. List the prime factors of n.
2, 3
Let d = 554 - 351. List the prime factors of d.
7, 29
Let m(x) = x**3 + 11*x**2 - 15*x - 9. Let n be m(-12). Suppose q + 5 = 6*q, 0 = 5*a - 3*q - n. What are the prime factors of a?
2, 3
Let r(h) be the second derivative of 9*h**5/20 - h**4/12 - h**3/6 + h**2/2 - 8*h. Let c be (-1 - -1) + 0 - -1. List the prime factors of r(c).
2
Suppose 0*y = y - 5. Suppose -38 = -y*k + 42. List the prime factors of k.
2
Let d(w) = -39*w. Let p be d(1). List the prime factors of (3 - 4)*(p + 0).
3, 13
Let z = -21 - -50. Let b = z - -13. Suppose 0*q = 3*q - b. List the prime factors of q.
2, 7
Suppose 0 = s - 4*s - 15. What are the prime factors of (21/7)/((-1)/s)?
3, 5
Let p = -3 - -6. Suppose 9 = 3*c - 0*c, -4*o + p*c - 9 = 0. What are the prime factors of o + (0/1 - -2)?
2
Suppose 30 = 5*b + 10. Suppose -2*v + g = b*g - 4, -2*v - 5*g = 0. List the prime factors of v.
5
Let v(z) = -2*z - 4. What are the prime factors of v(-7)?
2, 5
Suppose 0 = -y - 2*v + 7*v + 27, 4*v + 4 = 0. What are the prime factors of (-1)/((-46)/y - -2)?
11
Let m(v) = -2*v - 4. Let x be m(-3). Suppose x*i - 3 = w, -5*i + 2*w + 6 = -4*i. Suppose p = -5*c + 48, i = 3*c - 3*p + 3 - 21. List the prime factors of c.
3
Suppose 0 = 7*y - 12*y + 20. Let c(v) = v**3 - v**2 + 4. Let o be c(0). Suppose -y = -4*b, -b - 7 - o = -x. List the prime factors of x.
2, 3
Let t = -120 - -256. What are the prime factors of t?
2, 17
Let l(y) = -y**2 - y + 14. Let t(x) = x**2 - 3*x. Let z be t(3). What are the prime factors of l(z)?
2, 7
Let t = -7 - -6. Let k be ((-2)/3)/(t/141). Suppose -5*g + w + 91 = 0, -k = -2*g - 3*g + 4*w. List the prime factors of g.
2, 3
Let l be 154/(-10) - 6/(-15). Let g = 23 + l. What are the prime factors of g?
2
Let x(d) = -d**3 + 5*d**2 - 5*d. List the prime factors of x(2).
2
List the prime factors of (-228 + 3)*18/(-30).
3, 5
Suppose 37 = 3*d - b, -7*d - 2*b = -2*d - 58. Let j = 20 - d. List the prime factors of j.
2
Let s = -77 + 136. List the prime factors of s.
59
Let w(d) = -3*d**3 - 5*d**2 + d - 3. What are the prime factors of w(-4)?
3, 5, 7
Let l(u) be the third derivative of u**5/120 + 13*u**4/24 + 2*u**3/3 + u**2. Let z(h) be the first derivative of l(h). What are the prime factors of z(-9)?
2
Let a(v) = v**3 - 11*v**2 - 8*v - 44. What are the prime factors of a(14)?
2, 3
Let w(b) = 123*b**3 + 3*b**2 - b. What are the prime factors of w(1)?
5
Let i(x) = 13*x - 7. Let r be i(4). Let t = r + -31. List the prime factors of t.
2, 7
Suppose 5*u = -2*i + 16, 4*i - 10 = 2*u - u. Let r = 1 + u. Suppose 27 - r = 4*k. List the prime factors of k.
2, 3
Let i(a) = 4*a**2 - 2*a - 3. Let b(l) = -l**2 + 8*l - 9. Let p be b(6). Let w be i(p). What are the prime factors of ((-2)/(-6))/(3/w)?
3
Suppose 17 - 2 = 3*z. Suppose z*k = -0*k + 15. List the prime factors of k.
3
Let y(l) = -l**2 - 4*l + 1. Let t be y(-2). Suppose 2*d - 14 = -p - 6, 4*d - 70 = -t*p. List the prime factors of ((-78)/p)/(2/(-6)).
13
Let z = -3 - -9. Let h = -6 + 8. Suppose h*x + 56 = z*x. What are the prime factors of x?
2, 7
Let q = 6 - 3. Let r = -30 - -34. Suppose -q*l + 26 = -r*g, -3*l + 35 = 8*g - 3*g. What are the prime factors of l?
2, 5
Let c be (12/(-10))/((-3)/(-10)). Let a be (-84)/(-49) - c/14. List the prime factors of (35/a)/7*2.
5
Let i = -139 - -271. List the prime factors of i.
2, 3, 11
Let j be 6 - -56 - 4/2. Let v = j + -29. List the prime factors of v.
31
Let x(a) = a**3 - 12*a**2 - 3*a + 15. Let l be x(12). Let m be 9*(-1 - l/9). What are the prime factors of 2/(1 + (-9)/m)?
2
Let a be (-66)/(-4) + 2/(-4). Suppose 0*r + 3*h - 4 = -r, a = 2*r - 2*h. Suppose 3*s - r*s - 46 = -5*o, 0 = -3*o + 2*s + 26. List the prime factors of o.
2, 3
Suppose -p = 5*u - 13 + 1, -p - u = -32. What are the prime factors of p?
37
Let c = 128 + -59. Let i = -118 + c. List the prime factors of 84/i*(-8 + 1).
2, 3
List the prime factors of (-3)/(6*(-4)/320).
2, 5
Let g(k) = -k**3 + 5*k**2 - 5*k + 2. Let i be g(3). Suppose -n + 2*n - 102 = i*u, -14 = u + 3*n. List the prime factors of (-6)/(-9) - u/6.
2
Let z(x) = x**3 - 4*x**2 + 3*x + 1. Let q be z(3). Suppose 2*j - 3 - q = 0. List the prime factors of j.
2
Suppose -4*p - 5*q + 14 = 0, -3*q = -p + 2*q + 16. Suppose -a - 6*v + p = -v, -40 = -2*a + 4*v. What are the prime factors of a?
2
Suppose 11*l - 732 = 5. What are the prime factors of l?
67
Suppose 5*a + 30 = 4*k - 1, -k - 5*a + 39 = 0. Suppose 3*d - 41 = -2*z, 2*d - d - k = -z. Let p = d + -6. List the prime factors of p.
7
Let a = -5 + 9. Suppose 0 = 5*o - 5 - 0, 3*h + a*o = 61. List the prime factors of h.
19
Suppose -23 = -z - 0*z. Let y = 153 + -119. Let a = y - z. List the prime factors of a.
11
Suppose -4*d = 3*o - 8*o - 10, 4*o = 3*d - 8. Suppose -v + 12 = -d*v. List the prime factors of v.
2, 3
Let o(f) = -f**2 + 11*f + 15. Let s be o(11). Let v be ((-162)/s)/((-6)/(-140)). List the prime factors of (1/2)/((-6)/v).
3, 7
Let k(t) = 3*t - 4. Let s be k(4). Suppose -s - 28 = -2*z. List the prime factors of z.
2, 3
Let k = -7 + 9. Suppose 4*d = k*d + 10. List the prime factors of d.
5
List the prime factors of (46/(-6))/(3/(-9)).
23
Suppose -7*p = -8*p + 3. Let t = p - -5. Suppose -t = 4*q, -j + 3 + 0 = 5*q. List the prime factors of j.
13
Suppose 5*r + 4*r = 549. What are the prime factors of r?
61
Let r = -5 + 0. List the prime factors of (-10)/r*(-87)/(-6).
29
Let w(p) be the first derivative of -37*p**2/2 - p - 10. What are the prime factors of w(-1)?
2, 3
Let g = -17 - -24. Let n = g + 28. What are the prime factors of n?
5, 7
Let g(w) be the second derivative of 4*w**3/3 - 3*w**2/2 - 2*w. Let u be g(4). Let l = u - 21. List the prime factors of l.
2
Suppose -4*m = -5*t + 152, -t + m + 36 = 3*m. What are the prime factors of (0 - 3) + t + 5?
2, 17
Suppose -5*q - 2*q + 392 = 0. What are the prime factors of (21/28)/(1/q)?
2, 3, 7
Suppose 0*f + 2*f = 72. Let p = -14 + f. Let h = -10 + p. What are the prime factors of h?
2, 3
Let s(t) = 2*t - 2. Let m be s(-4). Let w = 5 - m. What are the prime factors of w?
3, 5
Let i be (64/24)/(4/6). Let m = -51 - -92. Suppose s - 34 = -3*c + m, 4*c - 108 = -i*s. List the prime factors of c.
2, 3
Let r(m) = 3*m**3 + 3 - 2 - 2*m**3 - 6*m**2. Let i be r(6). Let n = 9 + i. What are the prime factors of n?
2, 5
Suppose -2*f = 2*r - 3 + 5, -f + 5 = 3*r. Let d = 1 - r. List the prime factors of (8/(-12))/(d/36).
2, 3
Suppose -17 = -2*v + v. Let n = -10 + v. Suppose 2 = f - n. What are the prime factors of f?
3
Suppose k - 192 = 5*q, -3*k + 1090 = 2*k + q. List the prime factors of k.
7, 31
Let n(w) = 10*w**2 - 37*w + 22. Let j(h) = 7*h**2 - 25*h + 15. Let f(u) = -7*j(u) + 5*n(u). What are the prime factors of f(10)?
5
Suppose -4*u = u - 860. What are the prime factors of u?
2, 43
What are the prime factors of ((-3)/(-18) + (-7)/(-14))*339?
2, 113
Let h = 15 + -7. Let m = h - 4. What are the prime factors of m?
2
Let x be (14/4)/(1/(-4)). Let y = -2 - x. Suppose y + 18 = 2*t. List the prime factors of t.
3, 5
Let v(q) = -27*q - 27. List the prime factors of v(-7).
2, 3
Let v = -536 + 254. Let k be (-1)/4 + v/(-8). Suppose 5*r = -3*n + 32, k = 4*n - 0*n - r. List the prime factors of n.
3
Suppose 7 + 1 = 2*o. Suppose -o*v + 3 = -v. Let s = 4 - v. What are the prime factors of s?
3
Let q(w) = 26*w + 5. Le